{"id":445,"date":"2022-02-14T16:37:20","date_gmt":"2022-02-14T16:37:20","guid":{"rendered":"https:\/\/actit.fr\/?page_id=445"},"modified":"2022-09-30T15:20:11","modified_gmt":"2022-09-30T15:20:11","slug":"voip","status":"publish","type":"page","link":"https:\/\/actit.fr\/index.php\/voip\/","title":{"rendered":"VOIP"},"content":{"rendered":"\t\t<div data-elementor-type=\"wp-page\" data-elementor-id=\"445\" class=\"elementor elementor-445\">\n\t\t\t\t\t\t<section class=\"elementor-section elementor-top-section elementor-element elementor-element-67a8f2fd elementor-section-boxed elementor-section-height-default elementor-section-height-default\" data-id=\"67a8f2fd\" data-element_type=\"section\" data-e-type=\"section\" data-settings=\"{&quot;background_background&quot;:&quot;slideshow&quot;,&quot;background_slideshow_gallery&quot;:[{&quot;id&quot;:458,&quot;url&quot;:&quot;https:\\\/\\\/actit.fr\\\/wp-content\\\/uploads\\\/2022\\\/02\\\/mountain-g2f26d71cf_1920.jpg&quot;}],&quot;background_slideshow_loop&quot;:&quot;yes&quot;,&quot;background_slideshow_slide_duration&quot;:5000,&quot;background_slideshow_slide_transition&quot;:&quot;fade&quot;,&quot;background_slideshow_transition_duration&quot;:500}\">\n\t\t\t\t\t\t<div class=\"elementor-container elementor-column-gap-default\">\n\t\t\t\t\t<div class=\"elementor-column elementor-col-100 elementor-top-column elementor-element elementor-element-29e280be\" data-id=\"29e280be\" data-element_type=\"column\" data-e-type=\"column\">\n\t\t\t<div class=\"elementor-widget-wrap elementor-element-populated\">\n\t\t\t\t\t\t<div class=\"elementor-element elementor-element-488ea95e elementor-widget elementor-widget-heading\" data-id=\"488ea95e\" data-element_type=\"widget\" data-e-type=\"widget\" data-widget_type=\"heading.default\">\n\t\t\t\t<div class=\"elementor-widget-container\">\n\t\t\t\t\t<h2 class=\"elementor-heading-title elementor-size-default\">VoIP - Acc\u00e9s Internet<\/h2>\t\t\t\t<\/div>\n\t\t\t\t<\/div>\n\t\t\t\t<div class=\"elementor-element elementor-element-6f0b2377 elementor-widget elementor-widget-text-editor\" data-id=\"6f0b2377\" data-element_type=\"widget\" data-e-type=\"widget\" data-widget_type=\"text-editor.default\">\n\t\t\t\t<div class=\"elementor-widget-container\">\n\t\t\t\t\t\t\t\t\t<p>Gr\u00e2ce \u00e0 nos partenaires, nous avons cr\u00e9\u00e9 un \u00e9cosyst\u00e8me simple et fiable pour vos liens Internet, la voix sur IP et mobile.<\/p><p>Nous disposons des certifications les plus \u00e9lev\u00e9es chez 3CX pour l\u2019impl\u00e9mentation d\u2019IPBX, du plus simple au plus complexe comme les centres d\u2019appels ou des syst\u00e8mes multisite.<\/p><p>Vous pouvez avoir une d\u00e9monstration et obtenir une licence gratuite via ce <a href=\"https:\/\/www.3cx.fr\/pabx\/download-pabx-ip\/?resellerId=223191\">lien<\/a><\/p><p>Pour vos acc\u00e8s Internet, nous pouvons vous faire les meilleures propositions pour l\u2019ensemble de la France sur toutes les technologies disponibles.<\/p><p>Nous pouvons \u00e9galement vous proposer un guichet unique pour votre flotte mobile en multiop\u00e9rateurs.<\/p><p>\u00a0<\/p><p>\u00a0<\/p><p>\u00a0<\/p><p>\u00a0<\/p><p>\u00a0<\/p>\t\t\t\t\t\t\t\t<\/div>\n\t\t\t\t<\/div>\n\t\t\t\t\t<\/div>\n\t\t<\/div>\n\t\t\t\t\t<\/div>\n\t\t<\/section>\n\t\t\t\t<section class=\"elementor-section elementor-top-section elementor-element elementor-element-7db3e0a elementor-section-boxed elementor-section-height-default elementor-section-height-default\" data-id=\"7db3e0a\" data-element_type=\"section\" data-e-type=\"section\">\n\t\t\t\t\t\t<div class=\"elementor-container elementor-column-gap-default\">\n\t\t\t\t\t<div class=\"elementor-column elementor-col-100 elementor-top-column elementor-element elementor-element-172881e\" data-id=\"172881e\" data-element_type=\"column\" data-e-type=\"column\">\n\t\t\t<div class=\"elementor-widget-wrap elementor-element-populated\">\n\t\t\t\t\t\t<div class=\"elementor-element elementor-element-ad3f13a elementor-widget elementor-widget-image-gallery\" data-id=\"ad3f13a\" data-element_type=\"widget\" data-e-type=\"widget\" data-widget_type=\"image-gallery.default\">\n\t\t\t\t<div class=\"elementor-widget-container\">\n\t\t\t\t\t\t\t<div class=\"elementor-image-gallery\">\n\t\t\t<div id='gallery-1' class='gallery galleryid-445 gallery-columns-3 gallery-size-medium'><figure class='gallery-item'>\n\t\t\t<div class='gallery-icon landscape'>\n\t\t\t\t<a data-elementor-open-lightbox=\"yes\" data-elementor-lightbox-slideshow=\"ad3f13a\" data-elementor-lightbox-title=\"yealink\" data-e-action-hash=\"#elementor-action%3Aaction%3Dlightbox%26settings%3DeyJpZCI6MzEzLCJ1cmwiOiJodHRwczpcL1wvYWN0aXQuZnJcL3dwLWNvbnRlbnRcL3VwbG9hZHNcLzIwMjFcLzEwXC95ZWFsaW5rLnBuZyIsInNsaWRlc2hvdyI6ImFkM2YxM2EifQ%3D%3D\" href='https:\/\/actit.fr\/wp-content\/uploads\/2021\/10\/yealink.png'><img decoding=\"async\" width=\"300\" height=\"84\" src=\"https:\/\/actit.fr\/wp-content\/uploads\/2021\/10\/yealink-300x84.png\" class=\"attachment-medium size-medium\" alt=\"\" srcset=\"https:\/\/actit.fr\/wp-content\/uploads\/2021\/10\/yealink-300x84.png 300w, https:\/\/actit.fr\/wp-content\/uploads\/2021\/10\/yealink.png 680w\" sizes=\"(max-width: 300px) 100vw, 300px\" \/><\/a>\n\t\t\t<\/div><\/figure><figure class='gallery-item'>\n\t\t\t<div class='gallery-icon landscape'>\n\t\t\t\t<a data-elementor-open-lightbox=\"yes\" data-elementor-lightbox-slideshow=\"ad3f13a\" data-elementor-lightbox-title=\"3CX\" data-e-action-hash=\"#elementor-action%3Aaction%3Dlightbox%26settings%3DeyJpZCI6MzEwLCJ1cmwiOiJodHRwczpcL1wvYWN0aXQuZnJcL3dwLWNvbnRlbnRcL3VwbG9hZHNcLzIwMjFcLzEwXC8zQ1guanBnIiwic2xpZGVzaG93IjoiYWQzZjEzYSJ9\" href='https:\/\/actit.fr\/wp-content\/uploads\/2021\/10\/3CX.jpg'><img decoding=\"async\" width=\"300\" height=\"131\" src=\"https:\/\/actit.fr\/wp-content\/uploads\/2021\/10\/3CX-300x131.jpg\" class=\"attachment-medium size-medium\" alt=\"\" srcset=\"https:\/\/actit.fr\/wp-content\/uploads\/2021\/10\/3CX-300x131.jpg 300w, https:\/\/actit.fr\/wp-content\/uploads\/2021\/10\/3CX.jpg 354w\" sizes=\"(max-width: 300px) 100vw, 300px\" \/><\/a>\n\t\t\t<\/div><\/figure><figure class='gallery-item'>\n\t\t\t<div class='gallery-icon landscape'>\n\t\t\t\t<a data-elementor-open-lightbox=\"yes\" data-elementor-lightbox-slideshow=\"ad3f13a\" data-elementor-lightbox-title=\"openip\" data-e-action-hash=\"#elementor-action%3Aaction%3Dlightbox%26settings%3DeyJpZCI6MzEyLCJ1cmwiOiJodHRwczpcL1wvYWN0aXQuZnJcL3dwLWNvbnRlbnRcL3VwbG9hZHNcLzIwMjFcLzEwXC9vcGVuaXAuanBnIiwic2xpZGVzaG93IjoiYWQzZjEzYSJ9\" href='https:\/\/actit.fr\/wp-content\/uploads\/2021\/10\/openip.jpg'><img decoding=\"async\" width=\"300\" height=\"71\" src=\"https:\/\/actit.fr\/wp-content\/uploads\/2021\/10\/openip-300x71.jpg\" class=\"attachment-medium size-medium\" alt=\"\" srcset=\"https:\/\/actit.fr\/wp-content\/uploads\/2021\/10\/openip-300x71.jpg 300w, https:\/\/actit.fr\/wp-content\/uploads\/2021\/10\/openip.jpg 303w\" sizes=\"(max-width: 300px) 100vw, 300px\" \/><\/a>\n\t\t\t<\/div><\/figure>\n\t\t<\/div>\n\t\t<\/div>\n\t\t\t\t\t\t<\/div>\n\t\t\t\t<\/div>\n\t\t\t\t\t<\/div>\n\t\t<\/div>\n\t\t\t\t\t<\/div>\n\t\t<\/section>\n\t\t\t\t<\/div>\n\t\t","protected":false},"excerpt":{"rendered":"<p>VoIP &#8211; Acc\u00e9s Internet Gr\u00e2ce \u00e0 nos partenaires, nous avons cr\u00e9\u00e9 un \u00e9cosyst\u00e8me simple et fiable pour vos liens Internet, la voix sur IP et mobile. Nous disposons des certifications les plus \u00e9lev\u00e9es chez 3CX pour l\u2019impl\u00e9mentation d\u2019IPBX, du plus simple au plus complexe comme les centres d\u2019appels ou des syst\u00e8mes multisite. Vous pouvez avoir&hellip;&nbsp;<\/p>\n","protected":false},"author":1,"featured_media":0,"parent":0,"menu_order":0,"comment_status":"closed","ping_status":"closed","template":"","meta":{"neve_meta_sidebar":"","neve_meta_container":"","neve_meta_enable_content_width":"off","neve_meta_content_width":100,"neve_meta_title_alignment":"","neve_meta_author_avatar":"","neve_post_elements_order":"","neve_meta_disable_header":"","neve_meta_disable_footer":"","neve_meta_disable_title":"on","footnotes":""},"class_list":["post-445","page","type-page","status-publish","hentry"],"_links":{"self":[{"href":"https:\/\/actit.fr\/index.php\/wp-json\/wp\/v2\/pages\/445","targetHints":{"allow":["GET"]}}],"collection":[{"href":"https:\/\/actit.fr\/index.php\/wp-json\/wp\/v2\/pages"}],"about":[{"href":"https:\/\/actit.fr\/index.php\/wp-json\/wp\/v2\/types\/page"}],"author":[{"embeddable":true,"href":"https:\/\/actit.fr\/index.php\/wp-json\/wp\/v2\/users\/1"}],"replies":[{"embeddable":true,"href":"https:\/\/actit.fr\/index.php\/wp-json\/wp\/v2\/comments?post=445"}],"version-history":[{"count":20,"href":"https:\/\/actit.fr\/index.php\/wp-json\/wp\/v2\/pages\/445\/revisions"}],"predecessor-version":[{"id":605,"href":"https:\/\/actit.fr\/index.php\/wp-json\/wp\/v2\/pages\/445\/revisions\/605"}],"wp:attachment":[{"href":"https:\/\/actit.fr\/index.php\/wp-json\/wp\/v2\/media?parent=445"}],"curies":[{"name":"wp","href":"https:\/\/api.w.org\/{rel}","templated":true}]}}