{"id":441,"date":"2022-02-14T16:36:40","date_gmt":"2022-02-14T16:36:40","guid":{"rendered":"https:\/\/actit.fr\/?page_id=441"},"modified":"2022-09-30T15:20:48","modified_gmt":"2022-09-30T15:20:48","slug":"cloud","status":"publish","type":"page","link":"https:\/\/actit.fr\/index.php\/cloud\/","title":{"rendered":"Cloud"},"content":{"rendered":"\t\t<div data-elementor-type=\"wp-page\" data-elementor-id=\"441\" class=\"elementor elementor-441\">\n\t\t\t\t\t\t<section class=\"elementor-section elementor-top-section elementor-element elementor-element-9f349b1 elementor-section-boxed elementor-section-height-default elementor-section-height-default\" data-id=\"9f349b1\" data-element_type=\"section\" data-e-type=\"section\" data-settings=\"{&quot;background_background&quot;:&quot;slideshow&quot;,&quot;background_slideshow_gallery&quot;:[{&quot;id&quot;:458,&quot;url&quot;:&quot;https:\\\/\\\/actit.fr\\\/wp-content\\\/uploads\\\/2022\\\/02\\\/mountain-g2f26d71cf_1920.jpg&quot;}],&quot;background_slideshow_loop&quot;:&quot;yes&quot;,&quot;background_slideshow_slide_duration&quot;:5000,&quot;background_slideshow_slide_transition&quot;:&quot;fade&quot;,&quot;background_slideshow_transition_duration&quot;:500}\">\n\t\t\t\t\t\t<div class=\"elementor-container elementor-column-gap-default\">\n\t\t\t\t\t<div class=\"elementor-column elementor-col-100 elementor-top-column elementor-element elementor-element-1620c06\" data-id=\"1620c06\" data-element_type=\"column\" data-e-type=\"column\">\n\t\t\t<div class=\"elementor-widget-wrap elementor-element-populated\">\n\t\t\t\t\t\t<div class=\"elementor-element elementor-element-9d84421 elementor-widget elementor-widget-heading\" data-id=\"9d84421\" data-element_type=\"widget\" data-e-type=\"widget\" data-widget_type=\"heading.default\">\n\t\t\t\t<div class=\"elementor-widget-container\">\n\t\t\t\t\t<h2 class=\"elementor-heading-title elementor-size-default\">Cloud<\/h2>\t\t\t\t<\/div>\n\t\t\t\t<\/div>\n\t\t\t\t<div class=\"elementor-element elementor-element-34e74b7 elementor-widget elementor-widget-text-editor\" data-id=\"34e74b7\" data-element_type=\"widget\" data-e-type=\"widget\" data-widget_type=\"text-editor.default\">\n\t\t\t\t<div class=\"elementor-widget-container\">\n\t\t\t\t\t\t\t\t\t<p>Nous disposons d&rsquo;une \u00e9quipe form\u00e9e et comp\u00e9tente sur les migrations Office 365 et Google Workspace.<\/p>\n<p>Nous pouvons planifier avec vous votre basculement vers un architecture full cloud ou hybride, permettant \u00e0 votre entreprise une souplesse in\u00e9gal\u00e9e dans l&rsquo;acc\u00e8s \u00e0 vos donn\u00e9es.<\/p>\n<p>Nous pourrons vous proposer de multiples service dans la supervision, la sauvegarde et la protection de vos serveurs et postes de travail aussi bien sur site qu&rsquo;en t\u00e9l\u00e9travail.<\/p>\n<p><strong>Un cloud maitris\u00e9, \u00e0 la fois simple et s\u00e9curis\u00e9.<\/strong><\/p><p><strong><br><\/strong><\/p><p><strong><br><\/strong><\/p><p><strong><br><\/strong><\/p><p><strong><br><\/strong><\/p><p><strong><br><\/strong><\/p><p><strong><br><\/strong><\/p>\n<p><\/p>\n<p><\/p>\n<p><\/p>\n<p><\/p>\t\t\t\t\t\t\t\t<\/div>\n\t\t\t\t<\/div>\n\t\t\t\t\t<\/div>\n\t\t<\/div>\n\t\t\t\t\t<\/div>\n\t\t<\/section>\n\t\t\t\t<section class=\"elementor-section elementor-top-section elementor-element elementor-element-377e603 elementor-section-boxed elementor-section-height-default elementor-section-height-default\" data-id=\"377e603\" data-element_type=\"section\" data-e-type=\"section\">\n\t\t\t\t\t\t<div class=\"elementor-container elementor-column-gap-default\">\n\t\t\t\t\t<div class=\"elementor-column elementor-col-100 elementor-top-column elementor-element elementor-element-08e65ce\" data-id=\"08e65ce\" data-element_type=\"column\" data-e-type=\"column\">\n\t\t\t<div class=\"elementor-widget-wrap elementor-element-populated\">\n\t\t\t\t\t\t<div class=\"elementor-element elementor-element-4a86843 gallery-spacing-custom elementor-widget elementor-widget-image-gallery\" data-id=\"4a86843\" data-element_type=\"widget\" data-e-type=\"widget\" data-widget_type=\"image-gallery.default\">\n\t\t\t\t<div class=\"elementor-widget-container\">\n\t\t\t\t\t\t\t<div class=\"elementor-image-gallery\">\n\t\t\t<div id='gallery-1' class='gallery galleryid-441 gallery-columns-5 gallery-size-medium'><figure class='gallery-item'>\n\t\t\t<div class='gallery-icon landscape'>\n\t\t\t\t<a data-elementor-open-lightbox=\"yes\" data-elementor-lightbox-slideshow=\"4a86843\" data-elementor-lightbox-title=\"microsoft silver\" data-e-action-hash=\"#elementor-action%3Aaction%3Dlightbox%26settings%3DeyJpZCI6NDEzLCJ1cmwiOiJodHRwczpcL1wvYWN0aXQuZnJcL3dwLWNvbnRlbnRcL3VwbG9hZHNcLzIwMjJcLzAyXC9taWNyb3NvZnQtc2lsdmVyLnBuZyIsInNsaWRlc2hvdyI6IjRhODY4NDMifQ%3D%3D\" href='https:\/\/actit.fr\/wp-content\/uploads\/2022\/02\/microsoft-silver.png'><img decoding=\"async\" width=\"300\" height=\"91\" src=\"https:\/\/actit.fr\/wp-content\/uploads\/2022\/02\/microsoft-silver-300x91.png\" class=\"attachment-medium size-medium\" alt=\"\" srcset=\"https:\/\/actit.fr\/wp-content\/uploads\/2022\/02\/microsoft-silver-300x91.png 300w, https:\/\/actit.fr\/wp-content\/uploads\/2022\/02\/microsoft-silver.png 420w\" sizes=\"(max-width: 300px) 100vw, 300px\" \/><\/a>\n\t\t\t<\/div><\/figure><figure class='gallery-item'>\n\t\t\t<div class='gallery-icon landscape'>\n\t\t\t\t<a data-elementor-open-lightbox=\"yes\" data-elementor-lightbox-slideshow=\"4a86843\" data-elementor-lightbox-title=\"openip\" data-e-action-hash=\"#elementor-action%3Aaction%3Dlightbox%26settings%3DeyJpZCI6MzEyLCJ1cmwiOiJodHRwczpcL1wvYWN0aXQuZnJcL3dwLWNvbnRlbnRcL3VwbG9hZHNcLzIwMjFcLzEwXC9vcGVuaXAuanBnIiwic2xpZGVzaG93IjoiNGE4Njg0MyJ9\" href='https:\/\/actit.fr\/wp-content\/uploads\/2021\/10\/openip.jpg'><img decoding=\"async\" width=\"300\" height=\"71\" src=\"https:\/\/actit.fr\/wp-content\/uploads\/2021\/10\/openip-300x71.jpg\" class=\"attachment-medium size-medium\" alt=\"\" srcset=\"https:\/\/actit.fr\/wp-content\/uploads\/2021\/10\/openip-300x71.jpg 300w, https:\/\/actit.fr\/wp-content\/uploads\/2021\/10\/openip.jpg 303w\" sizes=\"(max-width: 300px) 100vw, 300px\" \/><\/a>\n\t\t\t<\/div><\/figure><figure class='gallery-item'>\n\t\t\t<div class='gallery-icon landscape'>\n\t\t\t\t<a data-elementor-open-lightbox=\"yes\" data-elementor-lightbox-slideshow=\"4a86843\" data-elementor-lightbox-title=\"Acronis_authorized_cloud_partner\" data-e-action-hash=\"#elementor-action%3Aaction%3Dlightbox%26settings%3DeyJpZCI6NTg5LCJ1cmwiOiJodHRwczpcL1wvYWN0aXQuZnJcL3dwLWNvbnRlbnRcL3VwbG9hZHNcLzIwMjJcLzA5XC9BY3JvbmlzX2F1dGhvcml6ZWRfY2xvdWRfcGFydG5lci5wbmciLCJzbGlkZXNob3ciOiI0YTg2ODQzIn0%3D\" href='https:\/\/actit.fr\/wp-content\/uploads\/2022\/09\/Acronis_authorized_cloud_partner.png'><img decoding=\"async\" width=\"300\" height=\"79\" src=\"https:\/\/actit.fr\/wp-content\/uploads\/2022\/09\/Acronis_authorized_cloud_partner-300x79.png\" class=\"attachment-medium size-medium\" alt=\"\" srcset=\"https:\/\/actit.fr\/wp-content\/uploads\/2022\/09\/Acronis_authorized_cloud_partner-300x79.png 300w, https:\/\/actit.fr\/wp-content\/uploads\/2022\/09\/Acronis_authorized_cloud_partner.png 759w\" sizes=\"(max-width: 300px) 100vw, 300px\" \/><\/a>\n\t\t\t<\/div><\/figure><figure class='gallery-item'>\n\t\t\t<div class='gallery-icon landscape'>\n\t\t\t\t<a data-elementor-open-lightbox=\"yes\" data-elementor-lightbox-slideshow=\"4a86843\" data-elementor-lightbox-title=\"AVG-CloudCare-RGB\" data-e-action-hash=\"#elementor-action%3Aaction%3Dlightbox%26settings%3DeyJpZCI6NDg2LCJ1cmwiOiJodHRwczpcL1wvYWN0aXQuZnJcL3dwLWNvbnRlbnRcL3VwbG9hZHNcLzIwMjJcLzA4XC9BVkctQ2xvdWRDYXJlLVJHQi5wbmciLCJzbGlkZXNob3ciOiI0YTg2ODQzIn0%3D\" href='https:\/\/actit.fr\/wp-content\/uploads\/2022\/08\/AVG-CloudCare-RGB.png'><img loading=\"lazy\" decoding=\"async\" width=\"300\" height=\"105\" src=\"https:\/\/actit.fr\/wp-content\/uploads\/2022\/08\/AVG-CloudCare-RGB-300x105.png\" class=\"attachment-medium size-medium\" alt=\"\" srcset=\"https:\/\/actit.fr\/wp-content\/uploads\/2022\/08\/AVG-CloudCare-RGB-300x105.png 300w, https:\/\/actit.fr\/wp-content\/uploads\/2022\/08\/AVG-CloudCare-RGB-1024x358.png 1024w, https:\/\/actit.fr\/wp-content\/uploads\/2022\/08\/AVG-CloudCare-RGB-768x268.png 768w, https:\/\/actit.fr\/wp-content\/uploads\/2022\/08\/AVG-CloudCare-RGB.png 1257w\" sizes=\"(max-width: 300px) 100vw, 300px\" \/><\/a>\n\t\t\t<\/div><\/figure><figure class='gallery-item'>\n\t\t\t<div class='gallery-icon landscape'>\n\t\t\t\t<a data-elementor-open-lightbox=\"yes\" data-elementor-lightbox-slideshow=\"4a86843\" data-elementor-lightbox-title=\"cisco select\" data-e-action-hash=\"#elementor-action%3Aaction%3Dlightbox%26settings%3DeyJpZCI6MzExLCJ1cmwiOiJodHRwczpcL1wvYWN0aXQuZnJcL3dwLWNvbnRlbnRcL3VwbG9hZHNcLzIwMjFcLzEwXC9jaXNjby1zZWxlY3QuanBnIiwic2xpZGVzaG93IjoiNGE4Njg0MyJ9\" href='https:\/\/actit.fr\/wp-content\/uploads\/2021\/10\/cisco-select.jpg'><img loading=\"lazy\" decoding=\"async\" width=\"104\" height=\"104\" src=\"https:\/\/actit.fr\/wp-content\/uploads\/2021\/10\/cisco-select.jpg\" class=\"attachment-medium size-medium\" alt=\"\" \/><\/a>\n\t\t\t<\/div><\/figure>\n\t\t<\/div>\n\t\t<\/div>\n\t\t\t\t\t\t<\/div>\n\t\t\t\t<\/div>\n\t\t\t\t\t<\/div>\n\t\t<\/div>\n\t\t\t\t\t<\/div>\n\t\t<\/section>\n\t\t\t\t<\/div>\n\t\t","protected":false},"excerpt":{"rendered":"<p>Cloud Nous disposons d&rsquo;une \u00e9quipe form\u00e9e et comp\u00e9tente sur les migrations Office 365 et Google Workspace. Nous pouvons planifier avec vous votre basculement vers un architecture full cloud ou hybride, permettant \u00e0 votre entreprise une souplesse in\u00e9gal\u00e9e dans l&rsquo;acc\u00e8s \u00e0 vos donn\u00e9es. Nous pourrons vous proposer de multiples service dans la supervision, la sauvegarde et&hellip;&nbsp;<\/p>\n","protected":false},"author":1,"featured_media":0,"parent":0,"menu_order":0,"comment_status":"closed","ping_status":"closed","template":"page-templates\/template-pagebuilder-full-width.php","meta":{"neve_meta_sidebar":"","neve_meta_container":"","neve_meta_enable_content_width":"off","neve_meta_content_width":100,"neve_meta_title_alignment":"","neve_meta_author_avatar":"","neve_post_elements_order":"","neve_meta_disable_header":"","neve_meta_disable_footer":"","neve_meta_disable_title":"","footnotes":""},"class_list":["post-441","page","type-page","status-publish","hentry"],"_links":{"self":[{"href":"https:\/\/actit.fr\/index.php\/wp-json\/wp\/v2\/pages\/441","targetHints":{"allow":["GET"]}}],"collection":[{"href":"https:\/\/actit.fr\/index.php\/wp-json\/wp\/v2\/pages"}],"about":[{"href":"https:\/\/actit.fr\/index.php\/wp-json\/wp\/v2\/types\/page"}],"author":[{"embeddable":true,"href":"https:\/\/actit.fr\/index.php\/wp-json\/wp\/v2\/users\/1"}],"replies":[{"embeddable":true,"href":"https:\/\/actit.fr\/index.php\/wp-json\/wp\/v2\/comments?post=441"}],"version-history":[{"count":28,"href":"https:\/\/actit.fr\/index.php\/wp-json\/wp\/v2\/pages\/441\/revisions"}],"predecessor-version":[{"id":608,"href":"https:\/\/actit.fr\/index.php\/wp-json\/wp\/v2\/pages\/441\/revisions\/608"}],"wp:attachment":[{"href":"https:\/\/actit.fr\/index.php\/wp-json\/wp\/v2\/media?parent=441"}],"curies":[{"name":"wp","href":"https:\/\/api.w.org\/{rel}","templated":true}]}}