{"id":2,"date":"2021-10-13T14:55:08","date_gmt":"2021-10-13T14:55:08","guid":{"rendered":"https:\/\/actit.fr\/?page_id=2"},"modified":"2024-07-03T17:18:02","modified_gmt":"2024-07-03T16:18:02","slug":"qui","status":"publish","type":"page","link":"https:\/\/actit.fr\/index.php\/qui\/","title":{"rendered":"Qui sommes-nous ?"},"content":{"rendered":"\t\t<div data-elementor-type=\"wp-page\" data-elementor-id=\"2\" class=\"elementor elementor-2\">\n\t\t\t\t\t\t<section class=\"elementor-section elementor-top-section elementor-element elementor-element-55133d12 elementor-section-boxed elementor-section-height-default elementor-section-height-default\" data-id=\"55133d12\" data-element_type=\"section\" data-e-type=\"section\" data-settings=\"{&quot;background_background&quot;:&quot;slideshow&quot;,&quot;background_slideshow_gallery&quot;:[{&quot;id&quot;:258,&quot;url&quot;:&quot;https:\\\/\\\/actit.fr\\\/wp-content\\\/uploads\\\/2019\\\/02\\\/StockSnap_Q6932TXPIU.jpg&quot;}],&quot;background_slideshow_loop&quot;:&quot;yes&quot;,&quot;background_slideshow_slide_duration&quot;:5000,&quot;background_slideshow_slide_transition&quot;:&quot;fade&quot;,&quot;background_slideshow_transition_duration&quot;:500}\">\n\t\t\t\t\t\t<div class=\"elementor-container elementor-column-gap-default\">\n\t\t\t\t\t<div class=\"elementor-column elementor-col-100 elementor-top-column elementor-element elementor-element-4fca786c\" data-id=\"4fca786c\" data-element_type=\"column\" data-e-type=\"column\">\n\t\t\t<div class=\"elementor-widget-wrap elementor-element-populated\">\n\t\t\t\t\t\t<div class=\"elementor-element elementor-element-83c46ac elementor-widget elementor-widget-text-editor\" data-id=\"83c46ac\" data-element_type=\"widget\" data-e-type=\"widget\" data-widget_type=\"text-editor.default\">\n\t\t\t\t<div class=\"elementor-widget-container\">\n\t\t\t\t\t\t\t\t\t\r\n<p><b>Actit System<\/b>\u00a0est une soci\u00e9t\u00e9 de services informatiques dont le si\u00e8ge social est situ\u00e9 \u00e0 Noisy le Grand en r\u00e9gion parisienne.<br \/><br \/>L\u2019informatique devient un \u00e9l\u00e9ment cl\u00e9 au bon d\u00e9veloppement de votre activit\u00e9 au quotidien, de ce constat est n\u00e9\u00a0<b>Actit System<\/b>\u00a0une soci\u00e9t\u00e9 de services proposant des solutions adapt\u00e9es \u00e0 vos besoins et r\u00e9pondant \u00e0 toutes vos attentes.<br \/><br \/>Nos comp\u00e9tences couvrent des domaines tr\u00e8s vari\u00e9s tels que :<br \/><br \/><\/p>\r\n<ul>\r\n<li class=\"Liste\"><span class=\"Liste\">Audit<\/span><\/li>\r\n<li class=\"Liste\"><span class=\"Liste\">Maintenance informatique<\/span><\/li>\r\n<li class=\"Liste\"><span class=\"Liste\">S\u00e9curit\u00e9 et r\u00e9seau<\/span><\/li>\r\n<li class=\"Liste\"><span class=\"Liste\">H\u00e9bergement et d\u00e9veloppement d&rsquo;applications web<\/span><\/li>\r\n<li class=\"Liste\"><span class=\"Liste\">Messagerie et e-messagerie<\/span><\/li>\r\n<li class=\"Liste\"><span class=\"Liste\">D\u00e9l\u00e9gation de personnel<\/span><\/li>\r\n<\/ul>\r\n\t\t\t\t\t\t\t\t<\/div>\n\t\t\t\t<\/div>\n\t\t\t\t\t<\/div>\n\t\t<\/div>\n\t\t\t\t\t<\/div>\n\t\t<\/section>\n\t\t\t\t<section class=\"elementor-section elementor-top-section elementor-element elementor-element-e4f46c4 elementor-section-boxed elementor-section-height-default elementor-section-height-default\" data-id=\"e4f46c4\" data-element_type=\"section\" data-e-type=\"section\">\n\t\t\t\t\t\t<div class=\"elementor-container elementor-column-gap-default\">\n\t\t\t\t\t<div class=\"elementor-column elementor-col-100 elementor-top-column elementor-element elementor-element-6c5030b\" data-id=\"6c5030b\" data-element_type=\"column\" data-e-type=\"column\">\n\t\t\t<div class=\"elementor-widget-wrap elementor-element-populated\">\n\t\t\t\t\t\t<section class=\"elementor-section elementor-inner-section elementor-element elementor-element-e820406 elementor-section-boxed elementor-section-height-default elementor-section-height-default\" data-id=\"e820406\" data-element_type=\"section\" data-e-type=\"section\">\n\t\t\t\t\t\t<div class=\"elementor-container elementor-column-gap-default\">\n\t\t\t\t\t<div class=\"elementor-column elementor-col-50 elementor-inner-column elementor-element elementor-element-b6b85bd\" data-id=\"b6b85bd\" data-element_type=\"column\" data-e-type=\"column\">\n\t\t\t<div class=\"elementor-widget-wrap\">\n\t\t\t\t\t\t\t<\/div>\n\t\t<\/div>\n\t\t\t\t<div class=\"elementor-column elementor-col-50 elementor-inner-column elementor-element elementor-element-3ca8b05\" data-id=\"3ca8b05\" data-element_type=\"column\" data-e-type=\"column\">\n\t\t\t<div class=\"elementor-widget-wrap\">\n\t\t\t\t\t\t\t<\/div>\n\t\t<\/div>\n\t\t\t\t\t<\/div>\n\t\t<\/section>\n\t\t\t\t\t<\/div>\n\t\t<\/div>\n\t\t\t\t\t<\/div>\n\t\t<\/section>\n\t\t\t\t<\/div>\n\t\t","protected":false},"excerpt":{"rendered":"<p>Actit System\u00a0est une soci\u00e9t\u00e9 de services informatiques dont le si\u00e8ge social est situ\u00e9 \u00e0 Noisy le Grand en r\u00e9gion parisienne. L\u2019informatique devient un \u00e9l\u00e9ment cl\u00e9 au bon d\u00e9veloppement de votre activit\u00e9 au quotidien, de ce constat est n\u00e9\u00a0Actit System\u00a0une soci\u00e9t\u00e9 de services proposant des solutions adapt\u00e9es \u00e0 vos besoins et r\u00e9pondant \u00e0 toutes vos attentes.&hellip;&nbsp;<\/p>\n","protected":false},"author":1,"featured_media":0,"parent":0,"menu_order":0,"comment_status":"closed","ping_status":"closed","template":"","meta":{"neve_meta_sidebar":"","neve_meta_container":"","neve_meta_enable_content_width":"off","neve_meta_content_width":100,"neve_meta_title_alignment":"","neve_meta_author_avatar":"","neve_post_elements_order":"","neve_meta_disable_header":"","neve_meta_disable_footer":"","neve_meta_disable_title":"","footnotes":""},"class_list":["post-2","page","type-page","status-publish","hentry"],"_links":{"self":[{"href":"https:\/\/actit.fr\/index.php\/wp-json\/wp\/v2\/pages\/2","targetHints":{"allow":["GET"]}}],"collection":[{"href":"https:\/\/actit.fr\/index.php\/wp-json\/wp\/v2\/pages"}],"about":[{"href":"https:\/\/actit.fr\/index.php\/wp-json\/wp\/v2\/types\/page"}],"author":[{"embeddable":true,"href":"https:\/\/actit.fr\/index.php\/wp-json\/wp\/v2\/users\/1"}],"replies":[{"embeddable":true,"href":"https:\/\/actit.fr\/index.php\/wp-json\/wp\/v2\/comments?post=2"}],"version-history":[{"count":16,"href":"https:\/\/actit.fr\/index.php\/wp-json\/wp\/v2\/pages\/2\/revisions"}],"predecessor-version":[{"id":655,"href":"https:\/\/actit.fr\/index.php\/wp-json\/wp\/v2\/pages\/2\/revisions\/655"}],"wp:attachment":[{"href":"https:\/\/actit.fr\/index.php\/wp-json\/wp\/v2\/media?parent=2"}],"curies":[{"name":"wp","href":"https:\/\/api.w.org\/{rel}","templated":true}]}}